{"id":29,"date":"2018-12-02T15:22:16","date_gmt":"2018-12-02T14:22:16","guid":{"rendered":"http:\/\/ulfrogge-bauausfuehrungen.de\/?page_id=29"},"modified":"2019-03-02T13:50:31","modified_gmt":"2019-03-02T12:50:31","slug":"impressum","status":"publish","type":"page","link":"https:\/\/ulfrogge-bauausfuehrungen.de\/?page_id=29","title":{"rendered":"Impressum"},"content":{"rendered":"<p>Ulf Rogge Bauausf\u00fchrungen<br \/>\nRichard-Wagner-Str. 23<br \/>\n14513 Teltow<\/p>\n<p>Telefon: +49 3328 30 90 248<br \/>\nFax: +49 3328 30 90 249<br \/>\nMobil: +49 177 30 90 248<\/p>\n<p>E-Mail: info@ulfrogge-bauausfuehrungen.de<br \/>\nInternet: ulfrogge-bauausfuehrungen.de<\/p>\n<p>Steuernummer: 046\/263\/08878<\/p>\n<p>Inhaltlich Verantwortlicher gem\u00e4\u00df $55 Abs. 2 RstV:<br \/>\nUlf Rogge (Anschrift wie oben)<\/p>\n<p>Haftungsausschluss: Trotz sorgf\u00e4ltiger inhaltlicher Kontrolle \u00fcbernehmen wir keine Haftung f\u00fcr die Inhalte externer Links. F\u00fcr den Inhalt der verlinkten Seiten sind ausschlie\u00dflich deren Betreiber verantwortlich. Wir \u00fcbernehmen keine Haftung f\u00fcr Ergebnisse beliebiger Art, welche durch Nutzung der Inhalte unserer Internetseite direkt oder indirekt entstehen.<\/p>\n","protected":false},"excerpt":{"rendered":"<p>Ulf Rogge Bauausf\u00fchrungen Richard-Wagner-Str. 23 14513 Teltow Telefon: +49 3328 30 90 248 Fax: +49 3328 30 90 249 Mobil: +49 177 30 90 248 E-Mail: info@ulfrogge-bauausfuehrungen.de Internet: ulfrogge-bauausfuehrungen.de Steuernummer: 046\/263\/08878 Inhaltlich Verantwortlicher gem\u00e4\u00df $55 Abs. 2 RstV: Ulf Rogge (Anschrift wie oben) Haftungsausschluss: Trotz sorgf\u00e4ltiger inhaltlicher Kontrolle \u00fcbernehmen wir keine Haftung f\u00fcr die Inhalte&hellip;<\/p>\n","protected":false},"author":1,"featured_media":0,"parent":0,"menu_order":0,"comment_status":"closed","ping_status":"closed","template":"","meta":[],"_links":{"self":[{"href":"https:\/\/ulfrogge-bauausfuehrungen.de\/index.php?rest_route=\/wp\/v2\/pages\/29"}],"collection":[{"href":"https:\/\/ulfrogge-bauausfuehrungen.de\/index.php?rest_route=\/wp\/v2\/pages"}],"about":[{"href":"https:\/\/ulfrogge-bauausfuehrungen.de\/index.php?rest_route=\/wp\/v2\/types\/page"}],"author":[{"embeddable":true,"href":"https:\/\/ulfrogge-bauausfuehrungen.de\/index.php?rest_route=\/wp\/v2\/users\/1"}],"replies":[{"embeddable":true,"href":"https:\/\/ulfrogge-bauausfuehrungen.de\/index.php?rest_route=%2Fwp%2Fv2%2Fcomments&post=29"}],"version-history":[{"count":4,"href":"https:\/\/ulfrogge-bauausfuehrungen.de\/index.php?rest_route=\/wp\/v2\/pages\/29\/revisions"}],"predecessor-version":[{"id":44,"href":"https:\/\/ulfrogge-bauausfuehrungen.de\/index.php?rest_route=\/wp\/v2\/pages\/29\/revisions\/44"}],"wp:attachment":[{"href":"https:\/\/ulfrogge-bauausfuehrungen.de\/index.php?rest_route=%2Fwp%2Fv2%2Fmedia&parent=29"}],"curies":[{"name":"wp","href":"https:\/\/api.w.org\/{rel}","templated":true}]}}